{"id":1952,"date":"2020-11-17T17:22:06","date_gmt":"2020-11-17T17:22:06","guid":{"rendered":"http:\/\/psingenieria.com.mx\/?page_id=1952"},"modified":"2020-11-20T03:58:36","modified_gmt":"2020-11-20T03:58:36","slug":"topografia","status":"publish","type":"page","link":"http:\/\/psingenieria.com.mx\/?page_id=1952","title":{"rendered":"Topograf\u00eda"},"content":{"rendered":"\t\t<div data-elementor-type=\"wp-page\" data-elementor-id=\"1952\" class=\"elementor elementor-1952\" data-elementor-settings=\"[]\">\n\t\t\t\t\t\t<div class=\"elementor-inner\">\n\t\t\t\t\t\t\t<div class=\"elementor-section-wrap\">\n\t\t\t\t\t\t\t<section class=\"elementor-section elementor-top-section elementor-element elementor-element-80ecb03 elementor-section-boxed elementor-section-height-default elementor-section-height-default\" data-id=\"80ecb03\" data-element_type=\"section\">\n\t\t\t\t\t\t<div class=\"elementor-container elementor-column-gap-default\">\n\t\t\t\t\t\t\t<div class=\"elementor-row\">\n\t\t\t\t\t<div class=\"elementor-column elementor-col-100 elementor-top-column elementor-element elementor-element-e5ad71d\" data-id=\"e5ad71d\" data-element_type=\"column\">\n\t\t\t<div class=\"elementor-column-wrap elementor-element-populated\">\n\t\t\t\t\t\t\t<div class=\"elementor-widget-wrap\">\n\t\t\t\t\t\t<div class=\"elementor-element elementor-element-6b6b827 elementor-widget elementor-widget-heading\" data-id=\"6b6b827\" data-element_type=\"widget\" data-widget_type=\"heading.default\">\n\t\t\t\t<div class=\"elementor-widget-container\">\n\t\t\t<h2 class=\"elementor-heading-title elementor-size-default\">Topograf\u00eda<\/h2>\t\t<\/div>\n\t\t\t\t<\/div>\n\t\t\t\t\t\t<\/div>\n\t\t\t\t\t<\/div>\n\t\t<\/div>\n\t\t\t\t\t\t\t\t<\/div>\n\t\t\t\t\t<\/div>\n\t\t<\/section>\n\t\t\t\t<section class=\"elementor-section elementor-top-section elementor-element elementor-element-4eb874f elementor-section-boxed elementor-section-height-default elementor-section-height-default\" data-id=\"4eb874f\" data-element_type=\"section\">\n\t\t\t\t\t\t<div class=\"elementor-container elementor-column-gap-default\">\n\t\t\t\t\t\t\t<div class=\"elementor-row\">\n\t\t\t\t\t<div class=\"elementor-column elementor-col-50 elementor-top-column elementor-element elementor-element-abd8ecf\" data-id=\"abd8ecf\" data-element_type=\"column\">\n\t\t\t<div class=\"elementor-column-wrap elementor-element-populated\">\n\t\t\t\t\t\t\t<div class=\"elementor-widget-wrap\">\n\t\t\t\t\t\t<div class=\"elementor-element elementor-element-b2a51f8 elementor-widget elementor-widget-shortcode\" data-id=\"b2a51f8\" data-element_type=\"widget\" data-widget_type=\"shortcode.default\">\n\t\t\t\t<div class=\"elementor-widget-container\">\n\t\t\t\t\t<div class=\"elementor-shortcode\"><div id=\"metaslider-id-2104\" style=\"width: 100%;\" class=\"ml-slider-3-50-0 metaslider metaslider-flex metaslider-2104 ml-slider ms-theme-default\" role=\"region\" aria-roledescription=\"Slideshow\" aria-label=\"Topograf\u00eda\">\n    <div id=\"metaslider_container_2104\">\n        <div id=\"metaslider_2104\">\n            <ul aria-live=\"polite\" class=\"slides\">\n                <li style=\"display: block; width: 100%;\" class=\"slide-2105 ms-image\" aria-roledescription=\"slide\" aria-label=\"slide-2105\"><img loading=\"lazy\" decoding=\"async\" src=\"http:\/\/psingenieria.com.mx\/wp-content\/uploads\/2020\/11\/TOPOGRAFIA-5-scaled-800x1000.jpg\" height=\"1000\" width=\"800\" alt=\"\" class=\"slider-2104 slide-2105\" title=\"PS Ingenier\u00eda - Topograf\u00eda\" \/><\/li>\n                <li style=\"display: none; width: 100%;\" class=\"slide-2106 ms-image\" aria-roledescription=\"slide\" aria-label=\"slide-2106\"><img loading=\"lazy\" decoding=\"async\" src=\"http:\/\/psingenieria.com.mx\/wp-content\/uploads\/2020\/11\/TOPOGRAFIA-4-scaled-800x1000.jpg\" height=\"1000\" width=\"800\" alt=\"\" class=\"slider-2104 slide-2106\" title=\"PS Ingenier\u00eda - Topograf\u00eda 2\" \/><\/li>\n                <li style=\"display: none; width: 100%;\" class=\"slide-2107 ms-image\" aria-roledescription=\"slide\" aria-label=\"slide-2107\"><img loading=\"lazy\" decoding=\"async\" src=\"http:\/\/psingenieria.com.mx\/wp-content\/uploads\/2020\/11\/TOPOGRAFIA-2-scaled-800x1000.jpg\" height=\"1000\" width=\"800\" alt=\"\" class=\"slider-2104 slide-2107\" title=\"PS Ingenier\u00eda - Topograf\u00eda 3\" \/><\/li>\n            <\/ul>\n        <\/div>\n        \n    <\/div>\n<\/div><\/div>\n\t\t\t\t<\/div>\n\t\t\t\t<\/div>\n\t\t\t\t\t\t<\/div>\n\t\t\t\t\t<\/div>\n\t\t<\/div>\n\t\t\t\t<div class=\"elementor-column elementor-col-50 elementor-top-column elementor-element elementor-element-d3e6833\" data-id=\"d3e6833\" data-element_type=\"column\">\n\t\t\t<div class=\"elementor-column-wrap elementor-element-populated\">\n\t\t\t\t\t\t\t<div class=\"elementor-widget-wrap\">\n\t\t\t\t\t\t<div class=\"elementor-element elementor-element-f8062f0 elementor-widget elementor-widget-text-editor\" data-id=\"f8062f0\" data-element_type=\"widget\" data-widget_type=\"text-editor.default\">\n\t\t\t\t<div class=\"elementor-widget-container\">\n\t\t\t\t\t<div class=\"elementor-text-editor elementor-clearfix\"><p>Como resultado de un percance, o por el transcurrir del tiempo, una edificaci\u00f3n puede sufrir esfuerzos a los que no estaba inicialmente considerada y que pueden ocasionar asentamientos diferenciales o deflexiones de los elementos.<\/p><p>Por ello ofrecemos el servicio de topograf\u00eda enfocado a ser un auxiliar para Ing. calculistas, DRO y Corresponsables en Seguridad Estructural para la elaboraci\u00f3n de Diagn\u00f3sticos Estructurales o para delimitar las afectaciones de un evento.<\/p><\/div>\n\t\t\t\t<\/div>\n\t\t\t\t<\/div>\n\t\t\t\t\t\t<\/div>\n\t\t\t\t\t<\/div>\n\t\t<\/div>\n\t\t\t\t\t\t\t\t<\/div>\n\t\t\t\t\t<\/div>\n\t\t<\/section>\n\t\t\t\t\t\t<\/div>\n\t\t\t\t\t\t<\/div>\n\t\t\t\t\t<\/div>\n\t\t","protected":false},"excerpt":{"rendered":"<p>Topograf\u00eda Como resultado de un percance, o por el transcurrir del tiempo, una edificaci\u00f3n puede sufrir esfuerzos a los que no estaba inicialmente considerada y que pueden ocasionar asentamientos diferenciales o deflexiones de los elementos. Por ello ofrecemos el servicio de topograf\u00eda enfocado a ser un auxiliar para Ing. calculistas, DRO y Corresponsables en Seguridad &hellip;<\/p>\n<p class=\"read-more\"> <a class=\"\" href=\"http:\/\/psingenieria.com.mx\/?page_id=1952\"> <span class=\"screen-reader-text\">Topograf\u00eda<\/span> Leer m\u00e1s &raquo;<\/a><\/p>\n","protected":false},"author":1,"featured_media":0,"parent":0,"menu_order":0,"comment_status":"closed","ping_status":"closed","template":"","meta":{"site-sidebar-layout":"no-sidebar","site-content-layout":"page-builder","ast-site-content-layout":"","site-content-style":"default","site-sidebar-style":"default","ast-global-header-display":"","ast-banner-title-visibility":"","ast-main-header-display":"","ast-hfb-above-header-display":"","ast-hfb-below-header-display":"","ast-hfb-mobile-header-display":"","site-post-title":"disabled","ast-breadcrumbs-content":"","ast-featured-img":"disabled","footer-sml-layout":"","theme-transparent-header-meta":"","adv-header-id-meta":"","stick-header-meta":"","header-above-stick-meta":"","header-main-stick-meta":"","header-below-stick-meta":"","astra-migrate-meta-layouts":"","ast-page-background-enabled":"default","ast-page-background-meta":{"desktop":{"background-color":"","background-image":"","background-repeat":"repeat","background-position":"center center","background-size":"auto","background-attachment":"scroll","background-type":"","background-media":"","overlay-type":"","overlay-color":"","overlay-gradient":""},"tablet":{"background-color":"","background-image":"","background-repeat":"repeat","background-position":"center center","background-size":"auto","background-attachment":"scroll","background-type":"","background-media":"","overlay-type":"","overlay-color":"","overlay-gradient":""},"mobile":{"background-color":"","background-image":"","background-repeat":"repeat","background-position":"center center","background-size":"auto","background-attachment":"scroll","background-type":"","background-media":"","overlay-type":"","overlay-color":"","overlay-gradient":""}},"ast-content-background-meta":{"desktop":{"background-color":"var(--ast-global-color-5)","background-image":"","background-repeat":"repeat","background-position":"center center","background-size":"auto","background-attachment":"scroll","background-type":"","background-media":"","overlay-type":"","overlay-color":"","overlay-gradient":""},"tablet":{"background-color":"var(--ast-global-color-5)","background-image":"","background-repeat":"repeat","background-position":"center center","background-size":"auto","background-attachment":"scroll","background-type":"","background-media":"","overlay-type":"","overlay-color":"","overlay-gradient":""},"mobile":{"background-color":"var(--ast-global-color-5)","background-image":"","background-repeat":"repeat","background-position":"center center","background-size":"auto","background-attachment":"scroll","background-type":"","background-media":"","overlay-type":"","overlay-color":"","overlay-gradient":""}},"footnotes":""},"_links":{"self":[{"href":"http:\/\/psingenieria.com.mx\/index.php?rest_route=\/wp\/v2\/pages\/1952"}],"collection":[{"href":"http:\/\/psingenieria.com.mx\/index.php?rest_route=\/wp\/v2\/pages"}],"about":[{"href":"http:\/\/psingenieria.com.mx\/index.php?rest_route=\/wp\/v2\/types\/page"}],"author":[{"embeddable":true,"href":"http:\/\/psingenieria.com.mx\/index.php?rest_route=\/wp\/v2\/users\/1"}],"replies":[{"embeddable":true,"href":"http:\/\/psingenieria.com.mx\/index.php?rest_route=%2Fwp%2Fv2%2Fcomments&post=1952"}],"version-history":[{"count":13,"href":"http:\/\/psingenieria.com.mx\/index.php?rest_route=\/wp\/v2\/pages\/1952\/revisions"}],"predecessor-version":[{"id":2111,"href":"http:\/\/psingenieria.com.mx\/index.php?rest_route=\/wp\/v2\/pages\/1952\/revisions\/2111"}],"wp:attachment":[{"href":"http:\/\/psingenieria.com.mx\/index.php?rest_route=%2Fwp%2Fv2%2Fmedia&parent=1952"}],"curies":[{"name":"wp","href":"https:\/\/api.w.org\/{rel}","templated":true}]}}