{"id":1956,"date":"2020-11-17T18:26:51","date_gmt":"2020-11-17T18:26:51","guid":{"rendered":"http:\/\/psingenieria.com.mx\/?page_id=1956"},"modified":"2020-11-20T04:02:51","modified_gmt":"2020-11-20T04:02:51","slug":"supervision-de-obra","status":"publish","type":"page","link":"http:\/\/psingenieria.com.mx\/?page_id=1956","title":{"rendered":"Supervisi\u00f3n de Obra"},"content":{"rendered":"\t\t<div data-elementor-type=\"wp-page\" data-elementor-id=\"1956\" class=\"elementor elementor-1956\" data-elementor-settings=\"[]\">\n\t\t\t\t\t\t<div class=\"elementor-inner\">\n\t\t\t\t\t\t\t<div class=\"elementor-section-wrap\">\n\t\t\t\t\t\t\t<section class=\"elementor-section elementor-top-section elementor-element elementor-element-864e81e elementor-section-boxed elementor-section-height-default elementor-section-height-default\" data-id=\"864e81e\" data-element_type=\"section\">\n\t\t\t\t\t\t<div class=\"elementor-container elementor-column-gap-default\">\n\t\t\t\t\t\t\t<div class=\"elementor-row\">\n\t\t\t\t\t<div class=\"elementor-column elementor-col-100 elementor-top-column elementor-element elementor-element-4019888\" data-id=\"4019888\" data-element_type=\"column\">\n\t\t\t<div class=\"elementor-column-wrap elementor-element-populated\">\n\t\t\t\t\t\t\t<div class=\"elementor-widget-wrap\">\n\t\t\t\t\t\t<div class=\"elementor-element elementor-element-0153fb4 elementor-widget elementor-widget-heading\" data-id=\"0153fb4\" data-element_type=\"widget\" data-widget_type=\"heading.default\">\n\t\t\t\t<div class=\"elementor-widget-container\">\n\t\t\t<h2 class=\"elementor-heading-title elementor-size-default\">Supervisi\u00f3n de Obra<\/h2>\t\t<\/div>\n\t\t\t\t<\/div>\n\t\t\t\t\t\t<\/div>\n\t\t\t\t\t<\/div>\n\t\t<\/div>\n\t\t\t\t\t\t\t\t<\/div>\n\t\t\t\t\t<\/div>\n\t\t<\/section>\n\t\t\t\t<section class=\"elementor-section elementor-top-section elementor-element elementor-element-c785e34 elementor-section-boxed elementor-section-height-default elementor-section-height-default\" data-id=\"c785e34\" data-element_type=\"section\">\n\t\t\t\t\t\t<div class=\"elementor-container elementor-column-gap-default\">\n\t\t\t\t\t\t\t<div class=\"elementor-row\">\n\t\t\t\t\t<div class=\"elementor-column elementor-col-50 elementor-top-column elementor-element elementor-element-c3cb2a4\" data-id=\"c3cb2a4\" data-element_type=\"column\">\n\t\t\t<div class=\"elementor-column-wrap elementor-element-populated\">\n\t\t\t\t\t\t\t<div class=\"elementor-widget-wrap\">\n\t\t\t\t\t\t<div class=\"elementor-element elementor-element-a9c6a33 elementor-widget elementor-widget-text-editor\" data-id=\"a9c6a33\" data-element_type=\"widget\" data-widget_type=\"text-editor.default\">\n\t\t\t\t<div class=\"elementor-widget-container\">\n\t\t\t\t\t<div class=\"elementor-text-editor elementor-clearfix\"><p>Cuando se desarrolla una obra es importante llevar un seguimiento de los avances y verificar que las actividades realizadas cumplan con los criterios establecidos en el proyecto constructivo, que la calidad de los materiales sea la requerida, que se cumplan los criterios normativos, etc. <br><\/p>\n<p>Por ello en PS Ingenier\u00eda ponemos a su disposici\u00f3n nuestra \u00e1rea de especialistas en supervisi\u00f3n de obras para llevar el control de sus proyectos para poder tener la certeza de que los trabajos se han llevado a cabo de la mejor manera.<br><\/p><\/div>\n\t\t\t\t<\/div>\n\t\t\t\t<\/div>\n\t\t\t\t\t\t<\/div>\n\t\t\t\t\t<\/div>\n\t\t<\/div>\n\t\t\t\t<div class=\"elementor-column elementor-col-50 elementor-top-column elementor-element elementor-element-a2c65a2\" data-id=\"a2c65a2\" data-element_type=\"column\">\n\t\t\t<div class=\"elementor-column-wrap elementor-element-populated\">\n\t\t\t\t\t\t\t<div class=\"elementor-widget-wrap\">\n\t\t\t\t\t\t<div class=\"elementor-element elementor-element-20aeced elementor-widget elementor-widget-shortcode\" data-id=\"20aeced\" data-element_type=\"widget\" data-widget_type=\"shortcode.default\">\n\t\t\t\t<div class=\"elementor-widget-container\">\n\t\t\t\t\t<div class=\"elementor-shortcode\"><div id=\"metaslider-id-2112\" style=\"width: 100%;\" class=\"ml-slider-3-50-0 metaslider metaslider-flex metaslider-2112 ml-slider ms-theme-default\" role=\"region\" aria-roledescription=\"Slideshow\" aria-label=\"Supervisi\u00f3n de Obra\">\n    <div id=\"metaslider_container_2112\">\n        <div id=\"metaslider_2112\">\n            <ul aria-live=\"polite\" class=\"slides\">\n                <li style=\"display: block; width: 100%;\" class=\"slide-2113 ms-image\" aria-roledescription=\"slide\" aria-label=\"slide-2113\"><img loading=\"lazy\" decoding=\"async\" src=\"http:\/\/psingenieria.com.mx\/wp-content\/uploads\/2020\/11\/2013-11-07-16.28.59-800x1000.jpg\" height=\"1000\" width=\"800\" alt=\"\" class=\"slider-2112 slide-2113\" title=\"PS Ingenier\u00eda - Supervisi\u00f3n de Obra\" \/><\/li>\n                <li style=\"display: none; width: 100%;\" class=\"slide-2114 ms-image\" aria-roledescription=\"slide\" aria-label=\"slide-2114\"><img loading=\"lazy\" decoding=\"async\" src=\"http:\/\/psingenieria.com.mx\/wp-content\/uploads\/2020\/11\/WhatsApp-Image-2020-11-19-at-10.19.03-614x768.jpeg\" height=\"1000\" width=\"800\" alt=\"\" class=\"slider-2112 slide-2114\" title=\"PS Ingenier\u00eda - Supervisi\u00f3n de Obra 2\" \/><\/li>\n                <li style=\"display: none; width: 100%;\" class=\"slide-2115 ms-image\" aria-roledescription=\"slide\" aria-label=\"slide-2115\"><img loading=\"lazy\" decoding=\"async\" src=\"http:\/\/psingenieria.com.mx\/wp-content\/uploads\/2020\/11\/INSP-VISUAL-1-scaled-800x1000.jpg\" height=\"1000\" width=\"800\" alt=\"\" class=\"slider-2112 slide-2115\" title=\"PS Ingenier\u00eda - Supervisi\u00f3n de Obra 3\" \/><\/li>\n            <\/ul>\n        <\/div>\n        \n    <\/div>\n<\/div><\/div>\n\t\t\t\t<\/div>\n\t\t\t\t<\/div>\n\t\t\t\t\t\t<\/div>\n\t\t\t\t\t<\/div>\n\t\t<\/div>\n\t\t\t\t\t\t\t\t<\/div>\n\t\t\t\t\t<\/div>\n\t\t<\/section>\n\t\t\t\t\t\t<\/div>\n\t\t\t\t\t\t<\/div>\n\t\t\t\t\t<\/div>\n\t\t","protected":false},"excerpt":{"rendered":"<p>Supervisi\u00f3n de Obra Cuando se desarrolla una obra es importante llevar un seguimiento de los avances y verificar que las actividades realizadas cumplan con los criterios establecidos en el proyecto constructivo, que la calidad de los materiales sea la requerida, que se cumplan los criterios normativos, etc. Por ello en PS Ingenier\u00eda ponemos a su &hellip;<\/p>\n<p class=\"read-more\"> <a class=\"\" href=\"http:\/\/psingenieria.com.mx\/?page_id=1956\"> <span class=\"screen-reader-text\">Supervisi\u00f3n de Obra<\/span> Leer m\u00e1s &raquo;<\/a><\/p>\n","protected":false},"author":1,"featured_media":0,"parent":0,"menu_order":0,"comment_status":"closed","ping_status":"closed","template":"","meta":{"site-sidebar-layout":"no-sidebar","site-content-layout":"page-builder","ast-site-content-layout":"","site-content-style":"default","site-sidebar-style":"default","ast-global-header-display":"","ast-banner-title-visibility":"","ast-main-header-display":"","ast-hfb-above-header-display":"","ast-hfb-below-header-display":"","ast-hfb-mobile-header-display":"","site-post-title":"disabled","ast-breadcrumbs-content":"","ast-featured-img":"disabled","footer-sml-layout":"","theme-transparent-header-meta":"","adv-header-id-meta":"","stick-header-meta":"","header-above-stick-meta":"","header-main-stick-meta":"","header-below-stick-meta":"","astra-migrate-meta-layouts":"","ast-page-background-enabled":"default","ast-page-background-meta":{"desktop":{"background-color":"","background-image":"","background-repeat":"repeat","background-position":"center center","background-size":"auto","background-attachment":"scroll","background-type":"","background-media":"","overlay-type":"","overlay-color":"","overlay-gradient":""},"tablet":{"background-color":"","background-image":"","background-repeat":"repeat","background-position":"center center","background-size":"auto","background-attachment":"scroll","background-type":"","background-media":"","overlay-type":"","overlay-color":"","overlay-gradient":""},"mobile":{"background-color":"","background-image":"","background-repeat":"repeat","background-position":"center center","background-size":"auto","background-attachment":"scroll","background-type":"","background-media":"","overlay-type":"","overlay-color":"","overlay-gradient":""}},"ast-content-background-meta":{"desktop":{"background-color":"var(--ast-global-color-5)","background-image":"","background-repeat":"repeat","background-position":"center center","background-size":"auto","background-attachment":"scroll","background-type":"","background-media":"","overlay-type":"","overlay-color":"","overlay-gradient":""},"tablet":{"background-color":"var(--ast-global-color-5)","background-image":"","background-repeat":"repeat","background-position":"center center","background-size":"auto","background-attachment":"scroll","background-type":"","background-media":"","overlay-type":"","overlay-color":"","overlay-gradient":""},"mobile":{"background-color":"var(--ast-global-color-5)","background-image":"","background-repeat":"repeat","background-position":"center center","background-size":"auto","background-attachment":"scroll","background-type":"","background-media":"","overlay-type":"","overlay-color":"","overlay-gradient":""}},"footnotes":""},"_links":{"self":[{"href":"http:\/\/psingenieria.com.mx\/index.php?rest_route=\/wp\/v2\/pages\/1956"}],"collection":[{"href":"http:\/\/psingenieria.com.mx\/index.php?rest_route=\/wp\/v2\/pages"}],"about":[{"href":"http:\/\/psingenieria.com.mx\/index.php?rest_route=\/wp\/v2\/types\/page"}],"author":[{"embeddable":true,"href":"http:\/\/psingenieria.com.mx\/index.php?rest_route=\/wp\/v2\/users\/1"}],"replies":[{"embeddable":true,"href":"http:\/\/psingenieria.com.mx\/index.php?rest_route=%2Fwp%2Fv2%2Fcomments&post=1956"}],"version-history":[{"count":16,"href":"http:\/\/psingenieria.com.mx\/index.php?rest_route=\/wp\/v2\/pages\/1956\/revisions"}],"predecessor-version":[{"id":2119,"href":"http:\/\/psingenieria.com.mx\/index.php?rest_route=\/wp\/v2\/pages\/1956\/revisions\/2119"}],"wp:attachment":[{"href":"http:\/\/psingenieria.com.mx\/index.php?rest_route=%2Fwp%2Fv2%2Fmedia&parent=1956"}],"curies":[{"name":"wp","href":"https:\/\/api.w.org\/{rel}","templated":true}]}}